{"id":1134,"date":"2013-11-13T10:22:51","date_gmt":"2013-11-13T09:22:51","guid":{"rendered":"http:\/\/sebka.pl\/?page_id=1134"},"modified":"2013-12-01T15:57:59","modified_gmt":"2013-12-01T14:57:59","slug":"tulum","status":"publish","type":"page","link":"https:\/\/nieczekaj.blog\/index.php\/nasze-przewodniki\/ameryka\/meksyk\/tulum\/","title":{"rendered":"Tulum"},"content":{"rendered":"<h3>Tulum &#8211; miasto z ruinami tak znanymi, \u017ce wyl\u0105dowa\u0142y na ok\u0142adce przewodnika Lonely Planet \ud83d\ude42 Sama miejscowo\u015b\u0107 ma\u0142o urokliwa ale z pi\u0119\u0138nymi miejscami!<\/h3>\n<p style=\"text-align: center;\"><img loading=\"lazy\" decoding=\"async\" class=\"ngg-singlepic ngg-center aligncenter\" style=\"border: 1px solid black;\" src=\"http:\/\/sebka.pl\/wp-content\/gallery\/meksyk\/mex9718-21.jpg\" alt=\"mex9718-21\" width=\"480\" height=\"319\" \/><\/p>\n<p>Z naszej strony polecamy te\u017c\u00a0 nasze <strong><a title=\"Przewodnik po Meksyku\" href=\"https:\/\/nieczekaj.blog\/index.php\/nasze-przewodniki\/meksyk\/\">INFORMACJE OG\u00d3LNE\u00a0 o Meksyku<\/a><\/strong> oraz wpisy umieszczane na bie\u017c\u0105co: <a title=\"Tulum - blog\" href=\"http:\/\/sebka.travellerspoint.com\/105\/\">Tulum &#8211; czyli nasza pierwsza &#8220;czarna dziura&#8221;.<\/a><\/p>\n<h2 style=\"text-align: center;\">Og\u00f3lnie<strong><\/strong><\/h2>\n<p style=\"text-align: left;\">Dzi\u0119\u0138i pi\u0119knym ruinom i kto wie czy nie jeszcze pi\u0119\u0138niejszym pla\u017com Tulum sta\u0142o si\u0119 bardzo popularnym celem wycieczek! Bo naprawd\u0119 warto tu przyjecha\u0107! Miasto dzieli si\u0119 na dwie cz\u0119\u015bci: \u0142adn\u0105 ze wszystkimi atrakcjami (czyli pla\u017c\u0105 i ruinami) oraz brzydk\u0105 i ruchliw\u0105, za to z dworcem i ni\u017cszymi cenami. Przewodnik LP u\u017cy\u0142 sformu\u0142owania &#8220;bardziej przystanek dla ci\u0119\u017car\u00f3wek ni\u017c tropikalny raj&#8221; i musimy przyzna\u0107, \u017ce jest to okre\u015blenie nad wyraz trafne!<\/p>\n<h2 style=\"text-align: center;\">Transport<\/h2>\n<p><strong>Z Tulum mo\u017cna dojecha\u0107 bez problem\u00f3w do wszystkich wi\u0119kszych miejscowo\u015bci na Jukatanie.<\/strong> W centrum znajduje si\u0119 dworzec autobusowy. Do Playa del Carmen mo\u017cna te\u017c dojecha\u0107 busikami (my nie pr\u00f3bowali\u015bmy).<\/p>\n<p><strong>Miasto jest rozleg\u0142e &#8211; zw\u0142aszcza je\u015bli bra\u0107 pod uwag\u0119 przej\u015bcie wyra\u017any podzia\u0142 na 2 cz\u0119\u015bci!<\/strong> Taks\u00f3wki oczywi\u015bcie s\u0105 i my oczywi\u015bcie z nich nie korzystali\u015bmy wi\u0119c o cenach zn\u00f3w nie b\u0119dziemy si\u0119 wypowiada\u0107 \ud83d\ude42 Natomiast bardzo fajnym rozwi\u0105zaniem jest wypo\u017cyczenie roweru &#8211; od g\u0142\u00f3wnej drogi a\u017c do pla\u017cy ci\u0105gnie si\u0119 \u015bcie\u017cka rowerowo-piesza &#8211; bardzo \u0142adna trasa. Poza tym kierowcy w Tulum s\u0105 niezwykle wyrozumiali dla rowerzyst\u00f3w-ignorant\u00f3w, czego do\u015bwiadczyli\u015bmy kilkakrotnie na w\u0142asnej sk\u00f3rze \ud83d\ude42<\/p>\n<h2 style=\"text-align: center;\">Gdzie spa\u0107<\/h2>\n<p><strong>W Tulum korzystali\u015bmy z go\u015bcinno\u015bci naszego pierwszego gospodarza &#8211; couchserfera Tima!\u00a0<\/strong>Zatem o hotelach mamy poj\u0119cie blade. Wzd\u0142u\u017c pla\u017cy jest wiele hoteli, z pi\u0119knymi widokami i jeszcze pi\u0119\u0138niejszymi cenami. Taniej jest podobno w centrum miasta.<\/p>\n<h2 style=\"text-align: center;\">Gdzie zje\u015b\u0107<\/h2>\n<p><strong>Tak jak w przypadku nocleg\u00f3w opcje s\u0105 dwie: centrum lub pla\u017ca. <\/strong>Zar\u00f3wno w centrum jak i w cz\u0119\u015bci pla\u017cowej s\u0105 restauracje kuchni r\u00f3\u017cnej nastawione na turyst\u00f3w. Natomiast w centrum, w okolicach ulic Jupiter Sur i Sol wieczorami rozk\u0142adaj\u0105 si\u0119 stoiska z jedzeniem typu <em>torta<\/em> (czyli po naszemu bu\u0142a z czym\u015b) &#8211; ciep\u0142e, dobre i niedrogie \ud83d\ude42 <strong>Nasz gospodarz zabra\u0142 nas do pono\u0107 najlepszej knajpki z owocami morza w okolicy &#8220;El Camello&#8221; <\/strong>(znajduje si\u0119 po lewej stronie od g\u0142\u00f3wnej ulicy id\u0105c od centrum Tulum). Pozna\u0107 j\u0105 mo\u017cna po rysunkach wielb\u0142\u0105da na \u015bcianach (na zewn\u0105trz i w \u015brodku :)). Trzeba do niej troch\u0119 doj\u015b\u0107 ale&#8230; doznania smakowe i kulturowe rekompensuj\u0105 wszystko! Rodzinna restauracja, pyszne wzgl\u0119dnie tanie jedzenie i ta atmosfera&#8230; &#8211; BARDZO POLECAMY (zw\u0142aszcza o\u015bmiorniczki po meksyka\u0144sku!).<\/p>\n<p style=\"text-align: center;\"><img loading=\"lazy\" decoding=\"async\" class=\"ngg-singlepic ngg-center aligncenter\" style=\"border: 1px solid black;\" src=\"http:\/\/sebka.pl\/wp-content\/gallery\/meksyk-wpisy\/tulum-knajpa.jpg\" alt=\"tulum-knajpa\" width=\"480\" height=\"319\" \/><\/p>\n<h2 style=\"text-align: center;\">Atrakcje<\/h2>\n<p><strong>Ruiny &#8211;\u00a0<\/strong> jest to najbardziej malownicze miejsce, jakie widzieli\u015bmy. Ruiny s\u0105 nie\u017ale zachowane, nie bardzo rozleg\u0142e. Zdecydowanie polecamy przybycie na otwarcie, tzn. zanim przyjad\u0105 dziesi\u0105tki autokar\u00f3w z ca\u0142ego Jukatanu \ud83d\ude42 Bilety oko\u0142o 30z\u0142\/1os.<\/p>\n<p><strong>Pla\u017ca<\/strong> &#8211; piasek jak krupczatka, woda turkusowa! Po prostu rajska pla\u017ca \ud83d\ude42 Niestety troch\u0119 zat\u0142oczona. Nie martwcie si\u0119 liczebno\u015bci\u0105 hoteli okupuj\u0105cych pla\u017ce &#8211; jest te\u017c odcinek tzw. publiczny czyli dla wszystkich!<\/p>\n<p><strong>Cenoty<\/strong> &#8211; w okolicach Tulum znajduj\u0105 si\u0119 podobno \u015bwietne jaskinie cenoty ale niestety za naszych czas\u00f3w by\u0142y pozamykane. Bardzo \u017ca\u0142owali\u015bmy \ud83d\ude41<\/p>\n<p style=\"text-align: center;\"><strong>Tulum na mapie<\/strong><\/p>\n<p><iframe loading=\"lazy\" src=\"https:\/\/maps.google.pl\/maps\/ms?msa=0&amp;msid=214897184821061664598.0004ac7d5a41946ab63ad&amp;ie=UTF8&amp;t=p&amp;ll=20.3884,-87.445679&amp;spn=1.029794,1.82373&amp;z=9&amp;output=embed\" frameborder=\"0\" marginwidth=\"0\" marginheight=\"0\" scrolling=\"no\" width=\"665\" height=\"400\"><\/iframe><br \/>\n<small>Poka\u017c <a style=\"color: #0000ff; text-align: left;\" href=\"https:\/\/maps.google.pl\/maps\/ms?msa=0&amp;msid=214897184821061664598.0004ac7d5a41946ab63ad&amp;ie=UTF8&amp;t=p&amp;ll=20.3884,-87.445679&amp;spn=1.029794,1.82373&amp;z=9&amp;source=embed\">Meksyk<\/a> na wi\u0119kszej mapie<\/small><\/p>\n<h3>Uwagi i pytania kierujcie na maila NieCzekaj.eu(malpa)gmail.com<\/h3>\n<h3>Pozdrawiam,<br \/>\nKasia<\/h3>\n","protected":false},"excerpt":{"rendered":"<p>Tulum &#8211; miasto z ruinami tak znanymi, \u017ce wyl\u0105dowa\u0142y na ok\u0142adce przewodnika Lonely Planet \ud83d\ude42 Sama miejscowo\u015b\u0107 ma\u0142o urokliwa ale z pi\u0119\u0138nymi miejscami! Z naszej strony polecamy te\u017c\u00a0 nasze INFORMACJE [&hellip;]<\/p>\n","protected":false},"author":1,"featured_media":0,"parent":1105,"menu_order":0,"comment_status":"open","ping_status":"open","template":"","meta":{"om_disable_all_campaigns":false,"_monsterinsights_skip_tracking":false,"_monsterinsights_sitenote_active":false,"_monsterinsights_sitenote_note":"","_monsterinsights_sitenote_category":0,"_s2mail":"yes","ngg_post_thumbnail":0,"footnotes":""},"class_list":["post-1134","page","type-page","status-publish","hentry"],"_links":{"self":[{"href":"https:\/\/nieczekaj.blog\/index.php\/wp-json\/wp\/v2\/pages\/1134","targetHints":{"allow":["GET"]}}],"collection":[{"href":"https:\/\/nieczekaj.blog\/index.php\/wp-json\/wp\/v2\/pages"}],"about":[{"href":"https:\/\/nieczekaj.blog\/index.php\/wp-json\/wp\/v2\/types\/page"}],"author":[{"embeddable":true,"href":"https:\/\/nieczekaj.blog\/index.php\/wp-json\/wp\/v2\/users\/1"}],"replies":[{"embeddable":true,"href":"https:\/\/nieczekaj.blog\/index.php\/wp-json\/wp\/v2\/comments?post=1134"}],"version-history":[{"count":8,"href":"https:\/\/nieczekaj.blog\/index.php\/wp-json\/wp\/v2\/pages\/1134\/revisions"}],"predecessor-version":[{"id":1172,"href":"https:\/\/nieczekaj.blog\/index.php\/wp-json\/wp\/v2\/pages\/1134\/revisions\/1172"}],"up":[{"embeddable":true,"href":"https:\/\/nieczekaj.blog\/index.php\/wp-json\/wp\/v2\/pages\/1105"}],"wp:attachment":[{"href":"https:\/\/nieczekaj.blog\/index.php\/wp-json\/wp\/v2\/media?parent=1134"}],"curies":[{"name":"wp","href":"https:\/\/api.w.org\/{rel}","templated":true}]}}