{"id":319,"date":"2013-05-19T12:46:59","date_gmt":"2013-05-19T10:46:59","guid":{"rendered":"http:\/\/sebka.cba.pl\/?page_id=319"},"modified":"2014-05-16T18:34:24","modified_gmt":"2014-05-16T16:34:24","slug":"park-erawan-informacje-praktyczne","status":"publish","type":"page","link":"https:\/\/nieczekaj.blog\/index.php\/nasze-przewodniki\/azja\/tajlandia-informacje-ogolne\/park-erawan-informacje-praktyczne\/","title":{"rendered":"Park Erawan"},"content":{"rendered":"<h3>Dzisiaj co nieco o Parku Narodowym Erawan. Miejsce magiczne. Jedno z najcz\u0119\u015bciej odwiedzanych przez Taj\u00f3w miejsc &#8220;piknikowych&#8221;. Park s\u0142ynie z wodospadu (grupy wodospad\u00f3w w sumie) ci\u0105gn\u0105cych si\u0119 malowniczymi kaskadami w d\u017cungli. Wej\u015bcie niestety turyst\u00f3w zagranicznych troszk\u0119 kosztuje (Tajowie jak zwykle p\u0142ac\u0105 10 razy mniej!) &#8211; 200 THB\/os.<\/h3>\n<h2 style=\"text-align: center;\">Og\u00f3lnie<\/h2>\n<p style=\"text-align: left;\"><strong>Je\u015bli jecha\u0107 do Erawan to tylko poza weekendem<\/strong> (poniedzia\u0142ek &#8211; czwartek). Inaczej zostaniemy zdeptani przez rzesz\u0119 wczasowicz\u00f3w i wycieczkowicz\u00f3w. Polecam te\u017c nocleg w Parku. Wi\u0119kszo\u015b\u0107 wycieczek przyje\u017cd\u017ca busem z Bangkoku ok 11 &#8211; po\u015bpiesznie zwiedza i ok 15 wyje\u017cd\u017ca. Potem mo\u017ce si\u0119 okaza\u0107, \u017ce ca\u0142y park jest tylko dla nas i stra\u017cnik\u00f3w.<\/p>\n<p><strong>Podstawowe informacje praktyczne znajdziemy na stronie<\/strong> <a title=\"Parki Narowode Tajlandii\" href=\"http:\/\/www.dnp.go.th\">Parki Narodowe Tajlandii<\/a>. Strona zawiera podstawowe informacje o cenach za wej\u015bcie, doje\u017adzie i udogodnieniach itp o WSZYSTKICH parkach narodowych Tajlandii! Bardzo przydatne!.<\/p>\n<p><strong>Z naszej strony polecamy<\/strong> te\u017c\u00a0 swojskie <a title=\"Tajlandia - informacje og\u00f3lne\" href=\"https:\/\/nieczekaj.blog\/index.php\/nasze-przewodniki\/azja\/tajlandia-informacje-ogolne\/\">INFORMACJE OG\u00d3LNE o Tajlandii<\/a> oraz wpisy umieszczane na bie\u017c\u0105co: <a title=\"Park Narodowy Erawan\" href=\"http:\/\/sebka.travellerspoint.com\/27\/\">Park Narodowy Erawan<\/a>.<\/p>\n<p style=\"text-align: center;\"><a href=\"http:\/\/sebka.cba.pl\/wp-content\/uploads\/2013\/05\/erawan-bus.jpg\"><img loading=\"lazy\" decoding=\"async\" class=\"size-full wp-image-320 aligncenter\" style=\"border: 1px solid black; margin-top: 1px; margin-bottom: 1px;\" title=\"erawan bus\" src=\"http:\/\/sebka.cba.pl\/wp-content\/uploads\/2013\/05\/erawan-bus.jpg\" alt=\"\" width=\"400\" height=\"267\" srcset=\"https:\/\/nieczekaj.blog\/wp-content\/uploads\/2013\/05\/erawan-bus.jpg 400w, https:\/\/nieczekaj.blog\/wp-content\/uploads\/2013\/05\/erawan-bus-300x200.jpg 300w\" sizes=\"auto, (max-width: 400px) 100vw, 400px\" \/><\/a><\/p>\n<h2 style=\"text-align: center;\">Transport<\/h2>\n<p style=\"text-align: left;\"><strong>Do Parku Erawan mo\u017cemy dojecha\u0107<\/strong> busem wycieczkowym z Bangkoku. Najcz\u0119\u015bciej jednak wybieran\u0105 opcj\u0105 (ta\u0144sz\u0105 i ciekawsz\u0105) jest zatrzymanie si\u0119 w Kanchanaburi a potem dojazd lokalnym autobusem (nr 8170 koszt: 50 THB\/os) odje\u017cd\u017caj\u0105cym z przystanku w centrum miasta mniej wi\u0119cej co godzin\u0119 (ale warto si\u0119 dowiedzie\u0107 &#8211; rozk\u0142ad bywa zmienny). Miejsce odjazdu autobus\u00f3w w tamten rejon jest dobrze oznaczone nazw\u0105 pisan\u0105 alfabetem \u0142aci\u0144skim.<\/p>\n<h2 style=\"text-align: center;\">Gdzie spa\u0107<\/h2>\n<p style=\"text-align: left;\"><strong>W parku dost\u0119pne jest pole namiotowe.<\/strong> Jest to dobra forma noclegu \ud83d\ude42 Wynaj\u0119cie pokoju jest ju\u017c zdecydowanie dro\u017csze. Posiadaj\u0105c sw\u00f3j namiot p\u0142acimy 30THB\/os za dzie\u0144. Mo\u017cna te\u017c wynaj\u0105\u0107 namiot w parku (jak i materace, koce itp&#8230;).<br \/>\nPole namiotowe posiada te\u017c takie udogodnienia jak \u0142azienki z prysznicami (czy to potrzebne w tym parku?? &#8211; codzienna k\u0105piel w wodospadzie wystarczy.<\/p>\n<h2 style=\"text-align: center;\">Gdzie zje\u015b\u0107<\/h2>\n<p style=\"text-align: left;\"><strong>Przy wej\u015bciu do Parku jest kilka boks\u00f3w z podstawowym menu tajskim.<\/strong> Czynne s\u0105 od rana do ok. godz 17. Ceny nieznacznie wy\u017csze od tych w miastach (\u015bniadanie dla dw\u00f3ch os\u00f3b 130 THB). Mo\u017cna te\u017c kupi\u0107 przek\u0105ski, chipsy, bananki, col\u0119 i inne podstawowe artyku\u0142y spo\u017cywcze :).<\/p>\n<h2 style=\"text-align: center;\">Atrakcje<\/h2>\n<p style=\"text-align: left;\"><strong>G\u0142\u00f3wn\u0105 atrakcj\u0105 parku jest wspomniany kaskadowy wodospad (wodospady?).<\/strong> Jest kilka wytyczonych szlak\u00f3w. Nie jest to na pewno trekking ale przyjemny spacer pod g\u00f3r\u0119. Ale&#8230; widoki s\u0105 przecudne no i w ka\u017cdym z wodospad\u00f3w mo\u017cna si\u0119 k\u0105pa\u0107! Idealne miejsce na chillout, k\u0105piele, czytanie ksi\u0105\u017cek, rozmowy i robienie zdj\u0119\u0107. Po na\u0142adowaniu akumulator\u00f3w mo\u017cna rusza\u0107 dalej. Im wy\u017cszy stopie\u0144 wodospadu tym mniej os\u00f3b (poza ostatnim). Przed wej\u015bciem na ostatni stopie\u0144 jest rozwidlenie szlaku id\u0105c w lewo trafimy na cz\u0119\u015b\u0107 rzadziej odwiedzan\u0105 i spokojniejsz\u0105.<\/p>\n<h2 style=\"text-align: center;\">Jak ruszy\u0107 w dalsz\u0105 podr\u00f3\u017c?<\/h2>\n<p style=\"text-align: left;\">Wyboru nie ma: albo wracamy z wycieczk\u0105 albo wybieramy podr\u00f3\u017c autobusem do <a title=\"Kanchanaburi - informacje praktyczne\" href=\"https:\/\/nieczekaj.blog\/index.php\/nasze-przewodniki\/tajlandia-informacje-ogolne\/kanchanaburi-informacje-praktyczne\/\">Kanchanburi<\/a> i stamt\u0105d, gdzie dusza zapragnie. Autobus odje\u017cd\u017ca kilka razy dziennie i kosztuje 50 THB\/os.<\/p>\n<p style=\"text-align: center;\"><a href=\"http:\/\/sebka.cba.pl\/wp-content\/uploads\/2013\/05\/seba-erawan.jpg\"><img loading=\"lazy\" decoding=\"async\" class=\"size-full wp-image-321 aligncenter\" style=\"border: 1px solid black; margin-top: 1px; margin-bottom: 1px;\" title=\"seba erawan\" src=\"http:\/\/sebka.cba.pl\/wp-content\/uploads\/2013\/05\/seba-erawan.jpg\" alt=\"\" width=\"400\" height=\"267\" srcset=\"https:\/\/nieczekaj.blog\/wp-content\/uploads\/2013\/05\/seba-erawan.jpg 400w, https:\/\/nieczekaj.blog\/wp-content\/uploads\/2013\/05\/seba-erawan-300x200.jpg 300w\" sizes=\"auto, (max-width: 400px) 100vw, 400px\" \/><\/a><\/p>\n<h3 style=\"text-align: left;\">Uwagi i pytania kierujcie na maila NieCzekaj.eu(malpa)gmail.com<\/h3>\n<h3 style=\"text-align: left;\"><br style=\"text-align: left;\" \/>Pozdrawiam,<br \/>\nSeba<\/h3>\n","protected":false},"excerpt":{"rendered":"<p>Dzisiaj co nieco o Parku Narodowym Erawan. Miejsce magiczne. Jedno z najcz\u0119\u015bciej odwiedzanych przez Taj\u00f3w miejsc &#8220;piknikowych&#8221;. Park s\u0142ynie z wodospadu (grupy wodospad\u00f3w w sumie) ci\u0105gn\u0105cych si\u0119 malowniczymi kaskadami w [&hellip;]<\/p>\n","protected":false},"author":1,"featured_media":0,"parent":241,"menu_order":0,"comment_status":"open","ping_status":"closed","template":"","meta":{"om_disable_all_campaigns":false,"_monsterinsights_skip_tracking":false,"_monsterinsights_sitenote_active":false,"_monsterinsights_sitenote_note":"","_monsterinsights_sitenote_category":0,"_s2mail":"yes","ngg_post_thumbnail":0,"footnotes":""},"class_list":["post-319","page","type-page","status-publish","hentry"],"_links":{"self":[{"href":"https:\/\/nieczekaj.blog\/index.php\/wp-json\/wp\/v2\/pages\/319","targetHints":{"allow":["GET"]}}],"collection":[{"href":"https:\/\/nieczekaj.blog\/index.php\/wp-json\/wp\/v2\/pages"}],"about":[{"href":"https:\/\/nieczekaj.blog\/index.php\/wp-json\/wp\/v2\/types\/page"}],"author":[{"embeddable":true,"href":"https:\/\/nieczekaj.blog\/index.php\/wp-json\/wp\/v2\/users\/1"}],"replies":[{"embeddable":true,"href":"https:\/\/nieczekaj.blog\/index.php\/wp-json\/wp\/v2\/comments?post=319"}],"version-history":[{"count":6,"href":"https:\/\/nieczekaj.blog\/index.php\/wp-json\/wp\/v2\/pages\/319\/revisions"}],"predecessor-version":[{"id":1440,"href":"https:\/\/nieczekaj.blog\/index.php\/wp-json\/wp\/v2\/pages\/319\/revisions\/1440"}],"up":[{"embeddable":true,"href":"https:\/\/nieczekaj.blog\/index.php\/wp-json\/wp\/v2\/pages\/241"}],"wp:attachment":[{"href":"https:\/\/nieczekaj.blog\/index.php\/wp-json\/wp\/v2\/media?parent=319"}],"curies":[{"name":"wp","href":"https:\/\/api.w.org\/{rel}","templated":true}]}}