{"id":327,"date":"2013-05-19T13:38:19","date_gmt":"2013-05-19T11:38:19","guid":{"rendered":"http:\/\/sebka.cba.pl\/?page_id=327"},"modified":"2014-05-16T18:32:21","modified_gmt":"2014-05-16T16:32:21","slug":"ayutthaya-informacje-praktyczne","status":"publish","type":"page","link":"https:\/\/nieczekaj.blog\/index.php\/nasze-przewodniki\/azja\/tajlandia-informacje-ogolne\/ayutthaya-informacje-praktyczne\/","title":{"rendered":"Ayutthaya"},"content":{"rendered":"<h3>Wracamy pami\u0119ci\u0105 do Ayutthay&#8217;i. Miasto jest dawn\u0105 stolic\u0105 Tajlandii (w sumie rz\u0105dz\u0105cego ksi\u0119stwa). Zosta\u0142o najechane przez Birma\u0144czyk\u00f3w i doszcz\u0119tnie zniszczone. Teraz kusi swoj\u0105 bezpretensjonaln\u0105 atmosfer\u0105 &#8211; nawet tu\u017c obok hostelowej uliczki b\u0119dziemy mogli poczu\u0107 klimat prawdziwej Tajlandii a nie szopki dla &#8220;lonliplanetowc\u00f3w&#8221;.<\/h3>\n<p>Z naszej strony polecamy te\u017c\u00a0 swojskie <a title=\"Tajlandia - informacje og\u00f3lne\" href=\"https:\/\/nieczekaj.blog\/index.php\/nasze-przewodniki\/azja\/tajlandia-informacje-ogolne\/\">INFORMACJE OG\u00d3LNE\u00a0 o Tajlandii<\/a> oraz wpisy umieszczane na bie\u017c\u0105co: <a title=\"Dawne stolice Tajlandii - blog\" href=\"http:\/\/sebka.travellerspoint.com\/29\/\">Dawne stolice Tajlandii<\/a>.<\/p>\n<h2 style=\"text-align: center;\">Transport<\/h2>\n<p><strong>Do Ayutthay&#8217;i dojecha\u0107 mo\u017cna bezpo\u015brednio z Bangkoku<\/strong> autobusami expresowymi oraz turystycznymi. My dojechali\u015bmy z Kanchanaburi (najta\u0144sze autobusy z jedn\u0105 przesiadk\u0105 &#8211; 105 THB\/os za ca\u0142o\u015b\u0107 dojazdu).<\/p>\n<p><strong>Miasto jest do\u015b\u0107 rozleg\u0142e &#8211; bardzo dobr\u0105 metod\u0105 na poruszanie si\u0119 po nim jest wypo\u017cyczenie roweru (ok. 30 THB\/os).<\/strong> <em>Pami\u0119tajmy o ruchu lewostronnym!<\/em> Uprzejmi Tajowie zwykle z pob\u0142a\u017caniem patrz\u0105 na europejskich rowerzyst\u00f3w. Mimo zdawa\u0107 by si\u0119 mog\u0142o chaotycznego ruchu &#8211; da si\u0119 prze\u017cy\u0107 i przyjemnie poje\u017adzi\u0107. Mi\u0119dzy g\u0142\u00f3wnym atrakcjami miasta wyznaczono \u015bcie\u017cki rowerowe.<\/p>\n<h2 style=\"text-align: center;\">Gdzie spa\u0107<\/h2>\n<p><strong>Wi\u0119kszo\u015b\u0107 hosteli zlokalizowana jest niedaleko dworca autobusowego<\/strong> (pod\u0142u\u017cna uliczka z mn\u00f3stwem bus\u00f3w szkolnych)\u00a0 &#8211; ko\u0142o Naresuan Road i Soi Tho Ko So). Ayutthaya jest du\u017ca atrakcj\u0105 i przez to jest droga.<br \/>\nMy stargowali\u015bmy cen\u0119 w <strong>Ayutthaya Guesthosue<\/strong>. Hostelik jest klimatyczny. Mieli\u015bmy pok\u00f3j z du\u017cym \u0142\u00f3\u017ckiem i FANem (wiatrakiem). Bardzo czysto i \u015bwietne \u0142azienki. cena 150THB ocena: 4,5\/5<\/p>\n<h2 style=\"text-align: center;\">Gdzie zje\u015b\u0107<\/h2>\n<p><strong>Wzd\u0142u\u017c ulicy pe\u0142ni\u0105cej rol\u0119 dworca autobus\u00f3w lokalnych<\/strong> (przed\u0142u\u017ceniem jej jest ulica hostelowa) pe\u0142no jest kramik\u00f3w z przek\u0105skami. Kierowane s\u0105 one do uczni\u00f3w, kt\u00f3rzy cz\u0119sto doje\u017cd\u017caj\u0105 do szko\u0142y i ulica ta jest naturalnym punktem przesiadkowym. Znajdziemy tu typowe chi\u0144skie par\u00f3wki, p\u0105czuszki ale i te\u017c (nie spotkane przez nas nigdzie indziej) nadziewane ma\u0142e kuleczki &#8211; mniam!<\/p>\n<p style=\"text-align: center;\"><a href=\"http:\/\/sebka.cba.pl\/wp-content\/uploads\/2013\/05\/ayt.jpg\"><img loading=\"lazy\" decoding=\"async\" class=\"size-full wp-image-328 aligncenter\" style=\"border: 1px solid black; margin-top: 1px; margin-bottom: 1px;\" title=\"ayt\" src=\"http:\/\/sebka.cba.pl\/wp-content\/uploads\/2013\/05\/ayt.jpg\" alt=\"\" width=\"400\" height=\"266\" srcset=\"https:\/\/nieczekaj.blog\/wp-content\/uploads\/2013\/05\/ayt.jpg 400w, https:\/\/nieczekaj.blog\/wp-content\/uploads\/2013\/05\/ayt-300x199.jpg 300w\" sizes=\"auto, (max-width: 400px) 100vw, 400px\" \/><\/a><\/p>\n<p>Je\u015bli chodzi o dania g\u0142\u00f3wne &#8211; wieczorem na ulicy prostopad\u0142ej do hostelowej rozk\u0142adaj\u0105 si\u0119 kramy z jedzeniem. Warto uda\u0107 si\u0119 w prawo i po przej\u015bciu ok. 150 m skr\u0119ci\u0107 jeszcze raz w prawo w stron\u0119 bazarku. Znajduje si\u0119 am kilka knajpek &#8220;stacjonarnych&#8221;, kt\u00f3re serwuj\u0105 bardzo dobre jedzenie w normalnej cenie (25 THB &#8211; 35 THB, du\u017ca zupa z wk\u0142adk\u0105 ok. 50 THB)<\/p>\n<h2>Atrakcje<\/h2>\n<p><strong>Ayutthaya to dawna stolica Tajlandii.<\/strong> Nie spos\u00f3b wymieni\u0107 czy po kr\u00f3tce opisa\u0107 wszystkich ruin czy &#8220;co warto a czego nie&#8221;. Wra\u017cenie robi sam Park historyczny, gdzie po prostu mo\u017cna odpocz\u0105\u0107, wypi\u0107 col\u0119 i regenerowa\u0107 si\u0142y. Nie b\u0119dziemy wyr\u0119cza\u0107 \u015bwietnie zaopatrzonej informacji turystycznej. Nasza rada: nie kupujcie bilet\u00f3w na wszystko (czy jednego zbiorczego). Cz\u0119sto ruiny wygl\u0105daj\u0105 du\u017co lepiej z pewnej odleg\u0142o\u015bci. <em>Dobr\u0105 metod\u0105 na zwiedzanie miasta jest wspomniany wcze\u015bniej rower.<\/em> Du\u017ce wra\u017cenie robi muzeum historyczne, do kt\u00f3rego z ca\u0142ego kraju zje\u017cd\u017caj\u0105 wycieczki szkolne. \u015awietne makiety pokazuj\u0105 dawn\u0105 \u015bwietno\u015b\u0107 kr\u00f3lestwa Ayutthaya i przybli\u017caj\u0105 nam jego histori\u0119.<\/p>\n<p style=\"text-align: center;\"><a href=\"http:\/\/sebka.cba.pl\/wp-content\/uploads\/2013\/05\/ayt2.jpg\"><img loading=\"lazy\" decoding=\"async\" class=\"size-full wp-image-329 aligncenter\" style=\"border: 1px solid black; margin-top: 1px; margin-bottom: 1px;\" title=\"ayt2\" src=\"http:\/\/sebka.cba.pl\/wp-content\/uploads\/2013\/05\/ayt2.jpg\" alt=\"\" width=\"400\" height=\"267\" srcset=\"https:\/\/nieczekaj.blog\/wp-content\/uploads\/2013\/05\/ayt2.jpg 400w, https:\/\/nieczekaj.blog\/wp-content\/uploads\/2013\/05\/ayt2-300x200.jpg 300w\" sizes=\"auto, (max-width: 400px) 100vw, 400px\" \/><\/a><\/p>\n<h2 style=\"text-align: center;\">Jak ruszy\u0107 dalej w podr\u00f3\u017c?<\/h2>\n<p>Dalej ruszyli\u015bmy do Sukothai autobusem expresowym (205THB\/os). Mo\u017cna te\u017c dosta\u0107 si\u0119 do Bangkoku czy te\u017c bezpo\u015brednio do Chiang Mai.<\/p>\n<p>Uwagi i pytania kierujcie na maila NieCzekaj.eu(malpa)gmail.com<\/p>\n<p>Pozdrawiam,<br \/>\nSeba<\/p>\n","protected":false},"excerpt":{"rendered":"<p>Wracamy pami\u0119ci\u0105 do Ayutthay&#8217;i. Miasto jest dawn\u0105 stolic\u0105 Tajlandii (w sumie rz\u0105dz\u0105cego ksi\u0119stwa). Zosta\u0142o najechane przez Birma\u0144czyk\u00f3w i doszcz\u0119tnie zniszczone. Teraz kusi swoj\u0105 bezpretensjonaln\u0105 atmosfer\u0105 &#8211; nawet tu\u017c obok hostelowej [&hellip;]<\/p>\n","protected":false},"author":1,"featured_media":0,"parent":241,"menu_order":0,"comment_status":"open","ping_status":"closed","template":"","meta":{"om_disable_all_campaigns":false,"_monsterinsights_skip_tracking":false,"_monsterinsights_sitenote_active":false,"_monsterinsights_sitenote_note":"","_monsterinsights_sitenote_category":0,"_s2mail":"yes","ngg_post_thumbnail":0,"footnotes":""},"class_list":["post-327","page","type-page","status-publish","hentry"],"_links":{"self":[{"href":"https:\/\/nieczekaj.blog\/index.php\/wp-json\/wp\/v2\/pages\/327","targetHints":{"allow":["GET"]}}],"collection":[{"href":"https:\/\/nieczekaj.blog\/index.php\/wp-json\/wp\/v2\/pages"}],"about":[{"href":"https:\/\/nieczekaj.blog\/index.php\/wp-json\/wp\/v2\/types\/page"}],"author":[{"embeddable":true,"href":"https:\/\/nieczekaj.blog\/index.php\/wp-json\/wp\/v2\/users\/1"}],"replies":[{"embeddable":true,"href":"https:\/\/nieczekaj.blog\/index.php\/wp-json\/wp\/v2\/comments?post=327"}],"version-history":[{"count":6,"href":"https:\/\/nieczekaj.blog\/index.php\/wp-json\/wp\/v2\/pages\/327\/revisions"}],"predecessor-version":[{"id":1436,"href":"https:\/\/nieczekaj.blog\/index.php\/wp-json\/wp\/v2\/pages\/327\/revisions\/1436"}],"up":[{"embeddable":true,"href":"https:\/\/nieczekaj.blog\/index.php\/wp-json\/wp\/v2\/pages\/241"}],"wp:attachment":[{"href":"https:\/\/nieczekaj.blog\/index.php\/wp-json\/wp\/v2\/media?parent=327"}],"curies":[{"name":"wp","href":"https:\/\/api.w.org\/{rel}","templated":true}]}}