{"id":332,"date":"2013-05-19T13:50:11","date_gmt":"2013-05-19T11:50:11","guid":{"rendered":"http:\/\/sebka.cba.pl\/?page_id=332"},"modified":"2014-05-16T18:36:19","modified_gmt":"2014-05-16T16:36:19","slug":"sukhothai-informacje-praktyczne","status":"publish","type":"page","link":"https:\/\/nieczekaj.blog\/index.php\/nasze-przewodniki\/azja\/tajlandia-informacje-ogolne\/sukhothai-informacje-praktyczne\/","title":{"rendered":"Sukhothai"},"content":{"rendered":"<h3>Id\u0105c za ciosem &#8211; publikuj\u0119 kolejny post z cyklu &#8220;informacje praktyczne&#8221;. Tym razem Sukhothai! Tradycyjnie polecamy te\u017c\u00a0 swojskie <a title=\"Tajlandia - informacje og\u00f3lne\" href=\"https:\/\/nieczekaj.blog\/index.php\/nasze-przewodniki\/azja\/tajlandia-informacje-ogolne\/\">INFORMACJE OG\u00d3LNE\u00a0 o Tajlandii<\/a> oraz wpisy umieszczane na bie\u017c\u0105co w czasie podr\u00f3\u017cy: <a title=\"Dawne stolice Tajlandii - blog\" href=\"http:\/\/sebka.travellerspoint.com\/29\/\">Dawne stolice Tajlandii<\/a>.<\/h3>\n<h3>Nie ka\u017cdy kocha ruiny &#8211; na przyk\u0142ad Kasia. Cz\u0119sto mo\u017cemy stan\u0105\u0107 przed wyborem <a title=\"Ayutthaya - informacje praktyczne\" href=\"https:\/\/nieczekaj.blog\/index.php\/nasze-przewodniki\/tajlandia-informacje-ogolne\/ayutthaya-informacje-praktyczne\/\">Ayutthaya<\/a> czy w\u0142a\u015bnie Sukhothai? Przy analizie wszystkich &#8220;za&#8221; i &#8220;przeciw&#8221; wyb\u00f3r pada na Sukhothai. Dlaczego? Zach\u0119cam do lektury postu.<\/h3>\n<h2 style=\"text-align: center;\">Transport<\/h2>\n<p><strong>Do Sukhohtai mo\u017cemy dosta\u0107 si\u0119 na wiele sposob\u00f3w.<\/strong> Z Bangkoku mamy samolot (ok. 1500 THB) &#8211; szybko ale drogo&#8230;Mo\u017cemy te\u017c ze stolicy dosta\u0107 si\u0119 poci\u0105giem (z przesiadk\u0105 w autobus w Phitsanulok) &#8211; \u0142\u0105cznie ok 8 godzin. Najwygodniej chyba (i najtaniej) wypada transport autobusowy (z terminalu Mo Chit) &#8211; czas przejazdu ok. 7 godzin w komfortowym autobusie dalekobie\u017cnym z klimatyzacj\u0105.<br \/>\nMy jechali\u015bmy z Ayutthai (205 THB\/os.) autobusem ekspresowym. Dojazd tuktukiem do strefy hostelowej 60 THB)<\/p>\n<h2 style=\"text-align: center;\">Gdzie spa\u0107<\/h2>\n<p><strong>Tak naprawd\u0119 tania strefa hostelowa znajduje si\u0119 nad rzek\u0105<\/strong> w tzw. &#8220;New Sukhothai&#8221; &#8211; czyli mie\u015bcie wsp\u00f3\u0142czesnym. Sukhothai to cz\u0119\u015b\u0107 archeologiczna ale oczywi\u015bcie miejscowi na zwykle &#8220;Sukhothai&#8221; m\u00f3wi\u0105 na miasto wsp\u00f3\u0142czesne a przedrostek &#8220;Old&#8221; lub &#8220;Historical&#8221; dodawany do nazwy miasta sugeruje cz\u0119\u015b\u0107 archeologiczn\u0105. Trzy najciekawsze hostele znajduj\u0105 si\u0119 przy ulicy Pravetnakon Road. Polecamy <strong>Ban Thai Guesthouse<\/strong> &#8211; \u0142adne, zadbane pokoje z du\u017cym klimatem (wszystko wykonane z drewna) cena od 200 THB za pok\u00f3j. W og\u00f3le ceny w Sukhothai jakby takie lekko zawy\u017cone&#8230;<\/p>\n<p><strong>My spali\u015bmy w lekko ukrytym hostelu<\/strong>: za Ban Thai na ko\u0144cu ma\u0142ej uliczki odchodz\u0105cej w lewo. Hostel zwie si\u0119 <strong>HANG JENG<\/strong> &#8211; w kt\u00f3rym cz\u0119\u015bciej \u015bpi\u0105 sami Tajowie. <strong>Stargowali\u015bmy cen\u0119 do 150 THB<\/strong> i dostali\u015bmy wysoki pok\u00f3j z dwoma wej\u015bciami, du\u017cymi \u0142\u00f3\u017ckami i prysznicem. Do tego w\u0142asny taras, zero turyst\u00f3w! Bomba! Dodatkowo, co wa\u017cne, rodzinna atmosfera, mo\u017cliwo\u015b\u0107 darmowego korzystania z komputera z dost\u0119pem do internetu i z dobr\u0105 nagrywark\u0105 DVD! (gdy nie korzysta nikt z domownik\u00f3w, czyli np. w godzinach szko\u0142y). Jedyny minus &#8211; pok\u00f3j nagrzewa si\u0119 w po\u0142udnie&#8230; W sumie <strong>ocena 4+\/5<\/strong> jak na cen\u0119. Istnieje mo\u017cliwo\u015b\u0107 w\u0142\u0105czenia klimatyzacji.<\/p>\n<h2 style=\"text-align: center;\">Gdzie zje\u015b\u0107<\/h2>\n<p><strong>Jak w ka\u017cdym mie\u015bcie znajduje si\u0119 tutaj nocny targ<\/strong>. Ok. 10 minut spacerem od hostelu w okolicach Singhawat Road. Znajduj\u0105 si\u0119 te\u017c tam restauracje czynne w dzie\u0144. Polecamy te\u017c knajpki przy zwyk\u0142ym targu &#8211; tury\u015bci rzadko si\u0119 tam zapuszczaj\u0105 a potrawy i ceny na normalnym poziomie!<\/p>\n<h2 style=\"text-align: center;\">Atrakcje<\/h2>\n<p><strong>G\u0142\u00f3wn\u0105 atrakcj\u0105 jest Park Historyczny.<\/strong> Wi\u0119cej o nim w folderach dost\u0119pnych w Informacji Turystycznej. Jest to do\u015b\u0107 du\u017cy kompleks &#8211; wiele os\u00f3b je\u017adzi po nim rowerami. My spacerowali\u015bmy. Warto wzi\u0105\u0107 co\u015b do jedzenia i zrobi\u0107 sobie piknik &#8211; jest tam kilka altanek i zacisznych zak\u0105tk\u00f3w. ale miejsce jest absolutnie rewelacyjne i nawet na Kasi zrobi\u0142 du\u017ce wra\u017cenie!<\/p>\n<p style=\"text-align: center;\"><a href=\"http:\/\/sebka.cba.pl\/wp-content\/uploads\/2013\/05\/suk1.jpg\"><img loading=\"lazy\" decoding=\"async\" class=\"size-full wp-image-333 aligncenter\" style=\"border: 1px solid black; margin-top: 1px; margin-bottom: 1px;\" title=\"suk1\" src=\"http:\/\/sebka.cba.pl\/wp-content\/uploads\/2013\/05\/suk1.jpg\" alt=\"\" width=\"400\" height=\"266\" srcset=\"https:\/\/nieczekaj.blog\/wp-content\/uploads\/2013\/05\/suk1.jpg 400w, https:\/\/nieczekaj.blog\/wp-content\/uploads\/2013\/05\/suk1-300x199.jpg 300w\" sizes=\"auto, (max-width: 400px) 100vw, 400px\" \/><\/a><\/p>\n<p><strong>Co warto wiedzie\u0107?<\/strong> Dojecha\u0107 tam najlepiej z samego rano (p\u00f3\u017aniej park si\u0119 zape\u0142nia ale t\u0142oku nie czu\u0107) songthaew&#8217;em (p\u0142acili\u015bmy chyba 10 &#8211; 20 THB\/os) przystanek przy Charodwithitong Road (g\u0142\u00f3wna ulica &#8211; wida\u0107, gdzie zatrzymuj\u0105 songthaewy). Koszt wej\u015bcia do parku dla obcokrajowc\u00f3w 100 THB\/os.<\/p>\n<h2 style=\"text-align: center;\">Jak ruszy\u0107 dalej w podr\u00f3\u017c?<\/h2>\n<p><strong>Z Sukhothai ruszyli\u015bmy autobusem ekspresowym do Chiang Mai<\/strong> (218 THB\/os). Oczywi\u015bcie mo\u017cna ruszy\u0107 te\u017c do Bangkoku, Ayutthay&#8217;i i wielu innych lokalizacji wymienionych w dziele &#8220;jak dojecha\u0107&#8221;.<\/p>\n<h3>Uwagi i pytania kierujcie na maila NieCzekaj.eu(malpa)gmail.com<\/h3>\n<p>Pozdrawiam,<br \/>\nSeba<\/p>\n","protected":false},"excerpt":{"rendered":"<p>Id\u0105c za ciosem &#8211; publikuj\u0119 kolejny post z cyklu &#8220;informacje praktyczne&#8221;. Tym razem Sukhothai! Tradycyjnie polecamy te\u017c\u00a0 swojskie INFORMACJE OG\u00d3LNE\u00a0 o Tajlandii oraz wpisy umieszczane na bie\u017c\u0105co w czasie podr\u00f3\u017cy: [&hellip;]<\/p>\n","protected":false},"author":1,"featured_media":0,"parent":241,"menu_order":0,"comment_status":"open","ping_status":"closed","template":"","meta":{"om_disable_all_campaigns":false,"_monsterinsights_skip_tracking":false,"_monsterinsights_sitenote_active":false,"_monsterinsights_sitenote_note":"","_monsterinsights_sitenote_category":0,"_s2mail":"yes","ngg_post_thumbnail":0,"footnotes":""},"class_list":["post-332","page","type-page","status-publish","hentry"],"_links":{"self":[{"href":"https:\/\/nieczekaj.blog\/index.php\/wp-json\/wp\/v2\/pages\/332","targetHints":{"allow":["GET"]}}],"collection":[{"href":"https:\/\/nieczekaj.blog\/index.php\/wp-json\/wp\/v2\/pages"}],"about":[{"href":"https:\/\/nieczekaj.blog\/index.php\/wp-json\/wp\/v2\/types\/page"}],"author":[{"embeddable":true,"href":"https:\/\/nieczekaj.blog\/index.php\/wp-json\/wp\/v2\/users\/1"}],"replies":[{"embeddable":true,"href":"https:\/\/nieczekaj.blog\/index.php\/wp-json\/wp\/v2\/comments?post=332"}],"version-history":[{"count":8,"href":"https:\/\/nieczekaj.blog\/index.php\/wp-json\/wp\/v2\/pages\/332\/revisions"}],"predecessor-version":[{"id":1444,"href":"https:\/\/nieczekaj.blog\/index.php\/wp-json\/wp\/v2\/pages\/332\/revisions\/1444"}],"up":[{"embeddable":true,"href":"https:\/\/nieczekaj.blog\/index.php\/wp-json\/wp\/v2\/pages\/241"}],"wp:attachment":[{"href":"https:\/\/nieczekaj.blog\/index.php\/wp-json\/wp\/v2\/media?parent=332"}],"curies":[{"name":"wp","href":"https:\/\/api.w.org\/{rel}","templated":true}]}}