{"id":502,"date":"2013-06-01T17:21:29","date_gmt":"2013-06-01T15:21:29","guid":{"rendered":"http:\/\/sebka.cba.pl\/?page_id=502"},"modified":"2014-05-16T18:30:18","modified_gmt":"2014-05-16T16:30:18","slug":"bukittingi","status":"publish","type":"page","link":"https:\/\/nieczekaj.blog\/index.php\/nasze-przewodniki\/azja\/indonezja\/bukittingi\/","title":{"rendered":"Bukittingi"},"content":{"rendered":"<p><strong>Bukittinggi<\/strong> &#8211; <strong>niestety miasto potwierdzaj\u0105ce czarn\u0105 pass\u0119 indonezyjskich miast na &#8220;B&#8221; &#8211; czyli zn\u00f3w funkcjonalna brzydota.<\/strong> Nie pami\u0119tam, co nas tam przywiod\u0142o, ale wiem, jak sp\u0119dzili\u015bmy tam czas &#8211; g\u0142\u00f3wnie na zakupach. <strong>I w\u0142a\u015bnie jako dobre miejsce na zakupy mo\u017cemy je poleci\u0107<\/strong> &#8211; du\u017cy acz nie przyt\u0142aczaj\u0105cy wyb\u00f3r, ceny do negocjacji (zw\u0142aszcza przy p\u00f3\u0142hurtowych zakupach). ZOO nie jest warte odwiedzenia &#8211; szkoda zwierz\u0105t <img loading=\"lazy\" decoding=\"async\" title=\"\" src=\"http:\/\/www.travellerspoint.com\/Emoticons\/icon_sad.gif\" alt=\":(\" width=\"15\" height=\"15\" \/><\/p>\n<h3>Nasz przewodnik po kraju: <a title=\"Informacje og\u00f3lne o Indonezji\" href=\"https:\/\/nieczekaj.blog\/index.php\/nasze-przewodniki\/azja\/indonezja\/\">Indonezja<\/a><br \/>\nNasz wpis na blogu: <a href=\"http:\/\/sebka.travellerspoint.com\/45\/\">Bukittinggi<\/a> .<\/h3>\n<h3 style=\"text-align: left;\">Pozdrawiamy,<br \/>\nKasia i Seba<\/h3>\n","protected":false},"excerpt":{"rendered":"<p>Bukittinggi &#8211; niestety miasto potwierdzaj\u0105ce czarn\u0105 pass\u0119 indonezyjskich miast na &#8220;B&#8221; &#8211; czyli zn\u00f3w funkcjonalna brzydota. Nie pami\u0119tam, co nas tam przywiod\u0142o, ale wiem, jak sp\u0119dzili\u015bmy tam czas &#8211; g\u0142\u00f3wnie [&hellip;]<\/p>\n","protected":false},"author":1,"featured_media":0,"parent":484,"menu_order":3,"comment_status":"open","ping_status":"open","template":"","meta":{"om_disable_all_campaigns":false,"_monsterinsights_skip_tracking":false,"_monsterinsights_sitenote_active":false,"_monsterinsights_sitenote_note":"","_monsterinsights_sitenote_category":0,"_s2mail":"yes","ngg_post_thumbnail":0,"footnotes":""},"class_list":["post-502","page","type-page","status-publish","hentry"],"_links":{"self":[{"href":"https:\/\/nieczekaj.blog\/index.php\/wp-json\/wp\/v2\/pages\/502","targetHints":{"allow":["GET"]}}],"collection":[{"href":"https:\/\/nieczekaj.blog\/index.php\/wp-json\/wp\/v2\/pages"}],"about":[{"href":"https:\/\/nieczekaj.blog\/index.php\/wp-json\/wp\/v2\/types\/page"}],"author":[{"embeddable":true,"href":"https:\/\/nieczekaj.blog\/index.php\/wp-json\/wp\/v2\/users\/1"}],"replies":[{"embeddable":true,"href":"https:\/\/nieczekaj.blog\/index.php\/wp-json\/wp\/v2\/comments?post=502"}],"version-history":[{"count":30,"href":"https:\/\/nieczekaj.blog\/index.php\/wp-json\/wp\/v2\/pages\/502\/revisions"}],"predecessor-version":[{"id":1434,"href":"https:\/\/nieczekaj.blog\/index.php\/wp-json\/wp\/v2\/pages\/502\/revisions\/1434"}],"up":[{"embeddable":true,"href":"https:\/\/nieczekaj.blog\/index.php\/wp-json\/wp\/v2\/pages\/484"}],"wp:attachment":[{"href":"https:\/\/nieczekaj.blog\/index.php\/wp-json\/wp\/v2\/media?parent=502"}],"curies":[{"name":"wp","href":"https:\/\/api.w.org\/{rel}","templated":true}]}}