{"id":647,"date":"2013-06-05T19:58:38","date_gmt":"2013-06-05T17:58:38","guid":{"rendered":"http:\/\/sebka.pl\/?page_id=647"},"modified":"2013-06-10T10:45:38","modified_gmt":"2013-06-10T08:45:38","slug":"subskrypcja","status":"publish","type":"page","link":"https:\/\/nieczekaj.blog\/index.php\/subskrypcja\/","title":{"rendered":"Subskrypcja"},"content":{"rendered":"<h3>Witajcie!<\/h3>\n<h3>Je\u015bli chcecie na bie\u017c\u0105c\u0105 wiedzie\u0107, co si\u0119 u nas dzieje, zaprenumerujcie naszego bloga wpisuj\u0105c sw\u00f3j adres mailowy poni\u017cej. Zapraszamy!<\/h3>\n<h3><form name=\"s2form\" method=\"post\" action=\"https:\/\/nieczekaj.blog\/index.php\/subskrypcja\/\"><input type=\"hidden\" name=\"ip\" value=\"216.73.216.52\" \/><span style=\"display:none !important\"><label for=\"firstname\">Leave This Blank:<\/label><input type=\"text\" id=\"firstname\" name=\"firstname\" \/><label for=\"lastname\">Leave This Blank Too:<\/label><input type=\"text\" id=\"lastname\" name=\"lastname\" \/><label for=\"uri\">Do Not Change This:<\/label><input type=\"text\" id=\"uri\" name=\"uri\" value=\"http:\/\/\" \/><\/span><p><label for=\"s2email\">Tw\u00f3j e-mail:<\/label><br><input type=\"email\" name=\"email\" id=\"s2email\" value=\"Wpisz adres e-mail...\" size=\"20\" onfocus=\"if (this.value === 'Wpisz adres e-mail...') {this.value = '';}\" onblur=\"if (this.value === '') {this.value = 'Wpisz adres e-mail...';}\" \/><\/p><p><input type=\"submit\" name=\"subscribe\" value=\"Dodaj do listy\" \/>&nbsp;<input type=\"submit\" name=\"unsubscribe\" value=\"Wypisz\" \/><\/p><\/form>\r\n<\/h3>\n<h3>Seba i Kasia<\/h3>\n<p>&nbsp;<\/p>\n","protected":false},"excerpt":{"rendered":"<p>Witajcie! Je\u015bli chcecie na bie\u017c\u0105c\u0105 wiedzie\u0107, co si\u0119 u nas dzieje, zaprenumerujcie naszego bloga wpisuj\u0105c sw\u00f3j adres mailowy poni\u017cej. Zapraszamy! Seba i Kasia &nbsp;<\/p>\n","protected":false},"author":1,"featured_media":0,"parent":0,"menu_order":0,"comment_status":"open","ping_status":"closed","template":"","meta":{"om_disable_all_campaigns":false,"_monsterinsights_skip_tracking":false,"_monsterinsights_sitenote_active":false,"_monsterinsights_sitenote_note":"","_monsterinsights_sitenote_category":0,"_s2mail":"yes","ngg_post_thumbnail":0,"footnotes":""},"class_list":["post-647","page","type-page","status-publish","hentry"],"_links":{"self":[{"href":"https:\/\/nieczekaj.blog\/index.php\/wp-json\/wp\/v2\/pages\/647","targetHints":{"allow":["GET"]}}],"collection":[{"href":"https:\/\/nieczekaj.blog\/index.php\/wp-json\/wp\/v2\/pages"}],"about":[{"href":"https:\/\/nieczekaj.blog\/index.php\/wp-json\/wp\/v2\/types\/page"}],"author":[{"embeddable":true,"href":"https:\/\/nieczekaj.blog\/index.php\/wp-json\/wp\/v2\/users\/1"}],"replies":[{"embeddable":true,"href":"https:\/\/nieczekaj.blog\/index.php\/wp-json\/wp\/v2\/comments?post=647"}],"version-history":[{"count":6,"href":"https:\/\/nieczekaj.blog\/index.php\/wp-json\/wp\/v2\/pages\/647\/revisions"}],"predecessor-version":[{"id":745,"href":"https:\/\/nieczekaj.blog\/index.php\/wp-json\/wp\/v2\/pages\/647\/revisions\/745"}],"wp:attachment":[{"href":"https:\/\/nieczekaj.blog\/index.php\/wp-json\/wp\/v2\/media?parent=647"}],"curies":[{"name":"wp","href":"https:\/\/api.w.org\/{rel}","templated":true}]}}