{"id":756,"date":"2013-06-12T21:53:11","date_gmt":"2013-06-12T19:53:11","guid":{"rendered":"http:\/\/sebka.pl\/?page_id=756"},"modified":"2013-06-20T13:41:58","modified_gmt":"2013-06-20T11:41:58","slug":"quarzazate","status":"publish","type":"page","link":"https:\/\/nieczekaj.blog\/index.php\/nasze-przewodniki\/afryka\/maroko\/quarzazate\/","title":{"rendered":"Quarzazate"},"content":{"rendered":"<h3>Quarzazate &#8211; bardzo wa\u017cny punkt w skrzy\u017cowaniu szlak\u00f3w. Wida\u0107 to ju\u017c od chwili wjazdu do miasta. Jest to jedna z wizyt\u00f3wek Maroka! Na pewno warto si\u0119 tu zatrzyma\u0107 cho\u0107 na jeden dzie\u0144!<\/h3>\n<address style=\"text-align: center;\"><a href=\"http:\/\/sebka.pl\/wp-content\/uploads\/2013\/06\/Quarzazate-Kasba-noc\u0105.jpg\"><img loading=\"lazy\" decoding=\"async\" class=\"size-full wp-image-760 aligncenter\" style=\"border: 1px solid black; margin-top: 1px; margin-bottom: 1px;\" title=\"Quarzazate - Kasba noc\u0105\" src=\"http:\/\/sebka.pl\/wp-content\/uploads\/2013\/06\/Quarzazate-Kasba-noc\u0105.jpg\" alt=\"\" width=\"400\" height=\"266\" srcset=\"https:\/\/nieczekaj.blog\/wp-content\/uploads\/2013\/06\/Quarzazate-Kasba-noc\u0105.jpg 400w, https:\/\/nieczekaj.blog\/wp-content\/uploads\/2013\/06\/Quarzazate-Kasba-noc\u0105-300x199.jpg 300w\" sizes=\"auto, (max-width: 400px) 100vw, 400px\" \/><\/a>Kasba<\/address>\n<h2 style=\"text-align: center;\">Og\u00f3lnie<\/h2>\n<p><strong>Quarzazate<\/strong> na pewno nie mo\u017cna nazwa\u0107 ma\u0142ym, zapyzia\u0142ym, prowincjonalnym miasteczkiem. Obecnie jest to jeden z g\u0142\u00f3wnych punkt\u00f3w turystycznych w tej cz\u0119\u015bci kraju, a co za tym idzie przygotowan\u0105 na obecno\u015b\u0107 turyst\u00f3w wizyt\u00f3wk\u0105. I jak zawsze im dalej od centrum tym mniej sklep\u00f3w z pami\u0105tkami, restauracji&#8230;<\/p>\n<h2 style=\"text-align: center;\">Transport do i po mie\u015bcie<\/h2>\n<p><strong>Quarzazate <\/strong><strong>jest \u015bwietnie skomunikowane<\/strong> &#8211; le\u017cy na przeci\u0119ciu kilku wa\u017cnych szlak\u00f3w z Marakeszem (autostrada), z Agadirem (droga ekspresowa na warunki maroka\u0144skie), z Dolin\u0105 Draa na po\u0142udniu i El Rachidi\u0105 na wschodzie. Post\u00f3j taks\u00f3wek colective znajduje si\u0119 przed wej\u015bciem na dworzec autobusowy (kilka kilometr\u00f3w od centrum).<\/p>\n<p><strong>Transport po samym miasteczku raczej pieszy cho\u0107 trzeba si\u0119 przygotowa\u0107 na d\u0142u\u017csze spacery.<\/strong> Miasto jest jak najbardziej do przej\u015bcia na nogach ale dworzec jest oddalony od centrum o kilka kilometr\u00f3w, podobnie jak Kasba cho\u0107 niestety w inn\u0105 stron\u0119.<\/p>\n<p><strong>My przyjechali\u015bmy<\/strong> taks\u00f3wk\u0105 colective z Taliuoine z przesiadk\u0105 w Tazenakht ( 24z\u0142 \/ 1os.), a wyjechali\u015bmy autobusem do Tinerhir (18z\u0142 \/ 1os.).<\/p>\n<h2 style=\"text-align: center;\">Gdzie spa\u0107 i zje\u015b\u0107?<\/h2>\n<p><strong>Noclegi w r\u00f3\u017cnej cenie i jako\u015bci mo\u017cna znale\u017a\u0107 w centrum i przy dworcu.<\/strong> My zdecydowali\u015bmy si\u0119 na tani ale fajny hotel zaraz przy dworcu (32z\u0142 \/ &#8220;dw\u00f3jka&#8221; bez \u0142azienki &#8211; po targach). W sprawie nocleg\u00f3w bli\u017cej centrum odsy\u0142am do przewodnika Lonely Planet.<\/p>\n<p><strong>Mnogo\u015b\u0107 kawiarni, kafejek, restauracji w centrum &#8211; <\/strong>ale ceny do\u015b\u0107 wysokie! W okolicy dworca mo\u017cna kupi\u0107 kanapk\u0119 z omletem i frytkami za oko\u0142o 5z\u0142. Zazwyczaj przy hotelach znajduj\u0105 si\u0119 te\u017c restauracje.<\/p>\n<address style=\"text-align: center;\"><a href=\"http:\/\/sebka.pl\/wp-content\/uploads\/2013\/06\/Quarzazate-muzycy.jpg\"><img loading=\"lazy\" decoding=\"async\" class=\"size-full wp-image-761 aligncenter\" style=\"border: 1px solid black; margin-top: 1px; margin-bottom: 1px;\" title=\"Quarzazate - muzycy\" src=\"http:\/\/sebka.pl\/wp-content\/uploads\/2013\/06\/Quarzazate-muzycy.jpg\" alt=\"\" width=\"388\" height=\"270\" srcset=\"https:\/\/nieczekaj.blog\/wp-content\/uploads\/2013\/06\/Quarzazate-muzycy.jpg 388w, https:\/\/nieczekaj.blog\/wp-content\/uploads\/2013\/06\/Quarzazate-muzycy-300x208.jpg 300w\" sizes=\"auto, (max-width: 388px) 100vw, 388px\" \/><\/a>Muzycy<\/address>\n<h2 style=\"text-align: center;\">Atrakcje<\/h2>\n<p><strong> Kasba<\/strong><strong><\/strong> &#8211; pod szyldem UNESCO, wida\u0107 go w wielu filmach (nie tylko o Maroku :)). Mo\u017cna zwiedza\u0107 (8z\u0142 \/ 1os.) i warto, \u017ceby zobaczy\u0107, jak taki zamek wygl\u0105da (du\u017co komnat i w\u0105skich schodk\u00f3w). Ale nie ma si\u0119 co nastawia\u0107 na jakie\u015b wystawy &#8211; w \u015brodku zamek jest pusty. Mo\u017cna wykupi\u0107 zwiedzanie z przewodnikiem.<strong> <\/strong><\/p>\n<p><strong>Medyna<\/strong> &#8211; zamieszka\u0142a, popl\u0105tana i gwarna, gdzie nie gdzie sklepik dla turyst\u00f3w &#8211; zawsze warto zobaczy\u0107!<\/p>\n<p><strong>Wytw\u00f3rnia filmowa<\/strong> &#8211; pod miastem, organizowane s\u0105 tam wycieczki &#8211; nie byli\u015bmy wi\u0119c nie powiemy jak jest.<\/p>\n<address style=\"text-align: center;\"><a href=\"http:\/\/sebka.pl\/wp-content\/uploads\/2013\/06\/Quarzazate-Kasba-za-dnia.jpg\"><img loading=\"lazy\" decoding=\"async\" class=\"size-full wp-image-762 aligncenter\" style=\"border: 1px solid black; margin-top: 1px; margin-bottom: 1px;\" title=\"Quarzazate - Kasba za dnia\" src=\"http:\/\/sebka.pl\/wp-content\/uploads\/2013\/06\/Quarzazate-Kasba-za-dnia.jpg\" alt=\"\" width=\"400\" height=\"266\" srcset=\"https:\/\/nieczekaj.blog\/wp-content\/uploads\/2013\/06\/Quarzazate-Kasba-za-dnia.jpg 400w, https:\/\/nieczekaj.blog\/wp-content\/uploads\/2013\/06\/Quarzazate-Kasba-za-dnia-300x199.jpg 300w\" sizes=\"auto, (max-width: 400px) 100vw, 400px\" \/><\/a>Kasba za dnia<\/address>\n<h3>Nasz przewodnik po kraju: <a title=\"Przewodnik po Maroku\" href=\"https:\/\/nieczekaj.blog\/index.php\/nasze-przewodniki\/maroko\/\">MAROKO<\/a>.<\/h3>\n<h3>Quarzazate na mapie<\/h3>\n<p><iframe loading=\"lazy\" src=\"https:\/\/maps.google.com\/maps\/ms?msa=0&amp;msid=202631043285604182245.0004de9191b20697427bf&amp;hl=pl&amp;ie=UTF8&amp;t=p&amp;ll=30.881012,-6.841736&amp;spn=0.942878,1.82373&amp;z=9&amp;output=embed\" frameborder=\"0\" marginwidth=\"0\" marginheight=\"0\" scrolling=\"no\" width=\"665\" height=\"400\"><\/iframe><br \/>\n<small>Poka\u017c <a style=\"color: #0000ff; text-align: left;\" href=\"https:\/\/maps.google.com\/maps\/ms?msa=0&amp;msid=202631043285604182245.0004de9191b20697427bf&amp;hl=pl&amp;ie=UTF8&amp;t=p&amp;ll=30.881012,-6.841736&amp;spn=0.942878,1.82373&amp;z=9&amp;source=embed\">Maroko &#8211; 2012<\/a> na wi\u0119kszej mapie<\/small><\/p>\n<h3>Uwagi i pytania kierujcie na maila: NieCzekaj.eu(malpa)gmail.com lub komentujcie stron\u0119.<\/h3>\n<h3>Pozdrawiam,<br \/>\nKasia<\/h3>\n","protected":false},"excerpt":{"rendered":"<p>Quarzazate &#8211; bardzo wa\u017cny punkt w skrzy\u017cowaniu szlak\u00f3w. Wida\u0107 to ju\u017c od chwili wjazdu do miasta. Jest to jedna z wizyt\u00f3wek Maroka! Na pewno warto si\u0119 tu zatrzyma\u0107 cho\u0107 na [&hellip;]<\/p>\n","protected":false},"author":1,"featured_media":0,"parent":530,"menu_order":0,"comment_status":"open","ping_status":"closed","template":"","meta":{"om_disable_all_campaigns":false,"_monsterinsights_skip_tracking":false,"_monsterinsights_sitenote_active":false,"_monsterinsights_sitenote_note":"","_monsterinsights_sitenote_category":0,"_s2mail":"yes","ngg_post_thumbnail":0,"footnotes":""},"class_list":["post-756","page","type-page","status-publish","hentry"],"_links":{"self":[{"href":"https:\/\/nieczekaj.blog\/index.php\/wp-json\/wp\/v2\/pages\/756","targetHints":{"allow":["GET"]}}],"collection":[{"href":"https:\/\/nieczekaj.blog\/index.php\/wp-json\/wp\/v2\/pages"}],"about":[{"href":"https:\/\/nieczekaj.blog\/index.php\/wp-json\/wp\/v2\/types\/page"}],"author":[{"embeddable":true,"href":"https:\/\/nieczekaj.blog\/index.php\/wp-json\/wp\/v2\/users\/1"}],"replies":[{"embeddable":true,"href":"https:\/\/nieczekaj.blog\/index.php\/wp-json\/wp\/v2\/comments?post=756"}],"version-history":[{"count":8,"href":"https:\/\/nieczekaj.blog\/index.php\/wp-json\/wp\/v2\/pages\/756\/revisions"}],"predecessor-version":[{"id":948,"href":"https:\/\/nieczekaj.blog\/index.php\/wp-json\/wp\/v2\/pages\/756\/revisions\/948"}],"up":[{"embeddable":true,"href":"https:\/\/nieczekaj.blog\/index.php\/wp-json\/wp\/v2\/pages\/530"}],"wp:attachment":[{"href":"https:\/\/nieczekaj.blog\/index.php\/wp-json\/wp\/v2\/media?parent=756"}],"curies":[{"name":"wp","href":"https:\/\/api.w.org\/{rel}","templated":true}]}}