{"id":846,"date":"2013-06-16T16:28:40","date_gmt":"2013-06-16T14:28:40","guid":{"rendered":"http:\/\/sebka.pl\/?page_id=846"},"modified":"2013-06-20T13:42:01","modified_gmt":"2013-06-20T11:42:01","slug":"wawoz-todra","status":"publish","type":"page","link":"https:\/\/nieczekaj.blog\/index.php\/nasze-przewodniki\/afryka\/maroko\/wawoz-todra\/","title":{"rendered":"W\u0105w\u00f3z Todra"},"content":{"rendered":"<h3>W\u0105w\u00f3z Todra -pi\u0119kny, cho\u0107 mniej imponuj\u0105cy od s\u0105siedniego w\u0105wozu Dades. Otoczony ma\u0142ymi wioskami i palmowiskami, stanowi \u015bwietny cel 1-dniowej wycieczki.<\/h3>\n<address>ngg_shortcode_0_placeholder<\/address>\n<address style=\"text-align: center;\">W\u0105w\u00f3z Todra<\/address>\n<h2 style=\"text-align: center;\">Transport do i po mie\u015bcie<\/h2>\n<p><strong>W\u0105w\u00f3z Todra znajduje si\u0119 kilkana\u015bcie kilometr\u00f3w na p\u00f3\u0142noc od miejscowo\u015bci Tinerhir.<\/strong> Le\u017cy ona na trasie \u0142\u0105cz\u0105cej Quarzazate i Er Rachidi\u0119 i\u00a0 mo\u017cna \u0142atwo do niej dojecha\u0107 autobusem lub taks\u00f3wk\u0105 z obu tych miast. W samym Tinerhir mo\u017cna wynaj\u0105\u0107 taks\u00f3wk\u0119, kt\u00f3ra dowiezie nas do samego w\u0105wozu.<\/p>\n<p><strong>My przyjechali\u015bmy tu z Quarzazate<\/strong> autobusem (<em>18z\u0142 \/1os.<\/em>), do hotelu dostali\u015bmy si\u0119 taks\u00f3wk\u0105.<\/p>\n<h2 style=\"text-align: center;\">Gdzie spa\u0107 i zje\u015b\u0107?<\/h2>\n<p><strong>Pytanie podstawowe: czy warto tu zostawa\u0107 na noc?<\/strong> W\u0105w\u00f3z Todra mo\u017cna spokojnie zobaczy\u0107 w ramach wycieczki 1-dniowej. Je\u015bli jednak zdecydujecie si\u0119 na nocleg w samym Tinerhir i po drodze do w\u0105wozu jest sporo miejsc noclegowych, odsy\u0142amy do Lonely Planet. Oczywi\u015bcie na dworcu w Tinerhir jest mn\u00f3stwo naganiaczy hotelowych &#8211; zawsze mo\u017cna wybra\u0107 co\u015b z ich oferty.<\/p>\n<p><strong>My spali\u015bmy w jednym z pierwszych hoteli ju\u017c za miastem<\/strong>, przy drodze do w\u0105wozu (<em>22z\u0142 \/2 os.<\/em>) &#8211; ze wzgl\u0119du na ob\u0142\u0119dne temperatury postanowili\u015bmy spa\u0107\u00a0 na dachu w namiocie, nie w pokoju.<\/p>\n<p><strong>W samym w\u0105wozie jest kilka restauracji<\/strong> &#8211; nie korzystali\u015bmy z nich. Po drodze mo\u017cna kupi\u0107 jakie\u015b drobne przek\u0105ski w sklepikach. Zazwyczaj w hotelach jest te\u017c mo\u017cliwo\u015b\u0107 zam\u00f3wienia posi\u0142k\u00f3w (w naszym hotelu omlet dla 2 os\u00f3b kosztowa\u0142 ok <em>20z\u0142<\/em>).<\/p>\n<h2 style=\"text-align: center;\">Atrakcje<\/h2>\n<p><strong> Spacer po w\u0105wozie<\/strong> &#8211; to g\u0142\u00f3wna atrakcja w tym miejscu, mo\u017cna do niej do\u0142o\u017cy\u0107 obiad w jednej z tamtejszych restauracji. Piknik\u00f3w nie polecamy, chyba, \u017ce z naprawd\u0119 du\u017cym parasolem &#8211; s\u0142o\u0144ce pra\u017cy nieziemsko!<strong> <\/strong><\/p>\n<p><strong>Palmowiska<\/strong> &#8211; Mi\u0119dzy Tinerhir a samym w\u0105wozem rozci\u0105ga si\u0119 wzd\u0142u\u017c rzeki pi\u0119kne palmowisko! Las palm a pomi\u0119dzy nimi zwyczajne ogr\u00f3dki i pola uprawne. Fantastyczne wra\u017cenie, gdy z pe\u0142nego s\u0142o\u0144ca nagle wchodzi si\u0119 w g\u0119sty palmowy las! Bardzo \u0142atwo jest tam si\u0119 zgubi\u0107 ale dobrzy ludzie poka\u017c\u0105, gdzie i\u015b\u0107 \ud83d\ude42<\/p>\n<address>ngg_shortcode_1_placeholder<\/address>\n<address style=\"text-align: center;\">Palmowisko<\/address>\n<h3>Nasz przewodnik po kraju: <a title=\"Przewodnik po Maroku\" href=\"https:\/\/nieczekaj.blog\/index.php\/nasze-przewodniki\/maroko\/\">MAROKO<\/a>.<\/h3>\n<h3>Tinerhir i w\u0105w\u00f3z Todra na mapie<\/h3>\n<p><iframe loading=\"lazy\" src=\"https:\/\/maps.google.pl\/maps\/ms?msa=0&amp;msid=202631043285604182245.0004de9191b20697427bf&amp;hl=pl&amp;ie=UTF8&amp;t=p&amp;ll=31.553671,-5.567322&amp;spn=0.117025,0.227966&amp;z=12&amp;output=embed\" frameborder=\"0\" marginwidth=\"0\" marginheight=\"0\" scrolling=\"no\" width=\"665\" height=\"400\"><\/iframe><br \/>\n<small>Poka\u017c <a style=\"color: #0000ff; text-align: left;\" href=\"https:\/\/maps.google.pl\/maps\/ms?msa=0&amp;msid=202631043285604182245.0004de9191b20697427bf&amp;hl=pl&amp;ie=UTF8&amp;t=p&amp;ll=31.553671,-5.567322&amp;spn=0.117025,0.227966&amp;z=12&amp;source=embed\">Maroko &#8211; 2012<\/a> na wi\u0119kszej mapie<\/small><\/p>\n<p>&nbsp;<\/p>\n<h3>Uwagi i pytania kierujcie na maila: NieCzekaj.eu(malpa)gmail.com lub komentujcie stron\u0119.<\/h3>\n<h3>Pozdrawiam,<br \/>\nKasia<\/h3>\n","protected":false},"excerpt":{"rendered":"<p>W\u0105w\u00f3z Todra -pi\u0119kny, cho\u0107 mniej imponuj\u0105cy od s\u0105siedniego w\u0105wozu Dades. Otoczony ma\u0142ymi wioskami i palmowiskami, stanowi \u015bwietny cel 1-dniowej wycieczki. W\u0105w\u00f3z Todra Transport do i po mie\u015bcie W\u0105w\u00f3z Todra znajduje [&hellip;]<\/p>\n","protected":false},"author":1,"featured_media":0,"parent":530,"menu_order":0,"comment_status":"open","ping_status":"closed","template":"","meta":{"om_disable_all_campaigns":false,"_monsterinsights_skip_tracking":false,"_monsterinsights_sitenote_active":false,"_monsterinsights_sitenote_note":"","_monsterinsights_sitenote_category":0,"_s2mail":"yes","ngg_post_thumbnail":0,"footnotes":""},"class_list":["post-846","page","type-page","status-publish","hentry"],"_links":{"self":[{"href":"https:\/\/nieczekaj.blog\/index.php\/wp-json\/wp\/v2\/pages\/846","targetHints":{"allow":["GET"]}}],"collection":[{"href":"https:\/\/nieczekaj.blog\/index.php\/wp-json\/wp\/v2\/pages"}],"about":[{"href":"https:\/\/nieczekaj.blog\/index.php\/wp-json\/wp\/v2\/types\/page"}],"author":[{"embeddable":true,"href":"https:\/\/nieczekaj.blog\/index.php\/wp-json\/wp\/v2\/users\/1"}],"replies":[{"embeddable":true,"href":"https:\/\/nieczekaj.blog\/index.php\/wp-json\/wp\/v2\/comments?post=846"}],"version-history":[{"count":6,"href":"https:\/\/nieczekaj.blog\/index.php\/wp-json\/wp\/v2\/pages\/846\/revisions"}],"predecessor-version":[{"id":952,"href":"https:\/\/nieczekaj.blog\/index.php\/wp-json\/wp\/v2\/pages\/846\/revisions\/952"}],"up":[{"embeddable":true,"href":"https:\/\/nieczekaj.blog\/index.php\/wp-json\/wp\/v2\/pages\/530"}],"wp:attachment":[{"href":"https:\/\/nieczekaj.blog\/index.php\/wp-json\/wp\/v2\/media?parent=846"}],"curies":[{"name":"wp","href":"https:\/\/api.w.org\/{rel}","templated":true}]}}