{"id":917,"date":"2013-06-18T18:06:06","date_gmt":"2013-06-18T16:06:06","guid":{"rendered":"http:\/\/sebka.pl\/?page_id=917"},"modified":"2013-06-20T13:41:58","modified_gmt":"2013-06-20T11:41:58","slug":"erg-chebbi","status":"publish","type":"page","link":"https:\/\/nieczekaj.blog\/index.php\/nasze-przewodniki\/afryka\/maroko\/erg-chebbi\/","title":{"rendered":"Erg Chebbi"},"content":{"rendered":"<h3>Erg Chebbi &#8211; niewielka ale robi\u0105ca ogromne wra\u017cenie piaszczysta pustynia z ogromnymi wydmami!Upa\u0142, piach i deszcz w jednym!<\/h3>\n<address style=\"text-align: center;\">ngg_shortcode_0_placeholder<br \/>\nErg Chebbi<\/address>\n<h2 style=\"text-align: center;\">Og\u00f3lnie<\/h2>\n<p><strong>Erg Chebbi jest wymarzonym miejscem dla ludzi, kt\u00f3rzy chcieliby pozna\u0107 smak pustyni!<\/strong> Dos\u0142ownie! G\u0142\u00f3wnymi o\u015brodkami w okolicy s\u0105 dwa bli\u017aniacze, ca\u0142kowicie zdominowane przez przemys\u0142 turystyczny osady: Merzouga i Hassilabied. Mimo wszystko warto tu przyjecha\u0107! Wystarczy zostawi\u0107 za plecami rz\u0105d hoteli i popatrze\u0107 na ci\u0105gn\u0105cy si\u0119 a\u017c po horyzont piasek!<\/p>\n<h2 style=\"text-align: center;\">Transport do i po mie\u015bcie<\/h2>\n<p><strong>Merzouga jest ostatni\u0105 miejscowo\u015bci\u0105 na tym terenie, do kt\u00f3rej mo\u017cna dojecha\u0107 transportem publicznym<\/strong> &#8211; cho\u0107 nie ma tu oficjalnego dworca. Znajduje si\u0119 tu jednak przedstawicielstwo przewo\u017anika Supratour! Wi\u0119kszymi o\u015brodkami s\u0105 miasta po\u0142o\u017cone nieco na p\u00f3\u0142nocy: Rissani i Erfoud &#8211; tu znajduj\u0105 si\u0119 dworce autobusowe i postoje taks\u00f3wek.<\/p>\n<p>Mimo, i\u017c odleg\u0142o\u015bci mi\u0119dzy Merzoug\u0105 a Hassilabied wydaj\u0105 si\u0119 niedu\u017ce <strong>zdecydowanie odradzamy spacery<\/strong> (w szczeg\u00f3lno\u015bci w lipcu i sierpniu) &#8211; upa\u0142 jest obezw\u0142adniaj\u0105cy! Trzeba zda\u0107 si\u0119 na taks\u00f3wk\u0119 lub uczynnego w\u0142a\u015bciciela hotelu.<\/p>\n<p><strong>Dla zmotoryzowanych:<\/strong> drogi s\u0105 tu ma\u0142o formalne, tzn. s\u0105 wyje\u017cd\u017cone: czyli droga jest tam, gdzie je\u017adzi\u0142o du\u017co pojazd\u00f3w. Bardzo pomocny jest GPS, wi\u0119kszo\u015b\u0107 hoteli podaje swoje wsp\u00f3\u0142rz\u0119dne!<\/p>\n<p><strong>My dojechali\u015bmy tu<\/strong> autobusem z Tinerhir do Erfoud (<em>18z\u0142\/1os<\/em>), potem wsp\u00f3lnymi taks\u00f3wkami z Erfoud przez Rissani do Merzougi (<em>11z\u0142\/10s<\/em>). Wyjechali\u015bmy bezpo\u015brednim autobusem z Rissani do Fezu (<em>40z\u0142\/1os<\/em>).<\/p>\n<h2 style=\"text-align: center;\">Gdzie spa\u0107 i zje\u015b\u0107?<\/h2>\n<p><strong>Na odcinku mi\u0119dzy Merzoug\u0105 a Hassilabied jest mn\u00f3stwo hoteli r\u00f3\u017cnego standardu i ceny<\/strong> &#8211; wi\u0119kszo\u015b\u0107 z nich znajduje si\u0119 bardzo blisko pustyni. Radzimy jednak dokona\u0107 wyboru hotelu przed przyjazdem tutaj, poniewa\u017c opcja &#8220;przej\u015bcia si\u0119 od drzwi do drzwi&#8221; jest tu raczej ma\u0142o realna (piszemy z perspektywy upa\u0142\u00f3w lipcowych). Naganiaczy mo\u017cna spotka\u0107 ju\u017c w Erfoud!<\/p>\n<p><strong>Bardzo polecamy nasz hotel: <a title=\"Hotel Soleil Blue\" href=\"http:\/\/www.desiertomarruecos.com\/\">ALBERGUE SOLEIL BLUE<\/a>.<\/strong> W\u0142a\u015bciciel m\u00f3wi\u0105cy po angielsku, bardzo uczynny, nie nastawiony na maksymalizacj\u0119 zarobk\u00f3w, no i naprawd\u0119 \u0142adne \u0142azienki! My zdecydowali\u015bmy si\u0119 spa\u0107 na dachu (<em>12z\u0142\/1os<\/em>) i to te\u017c BARDZO POLECAMY &#8211; ch\u0142odno i pi\u0119kne widoki!<\/p>\n<p><strong>Jedzenie:<\/strong> ka\u017cdy hotel posiada w\u0142asn\u0105 restauracj\u0119 ale ceny niestety s\u0105 tam wysokie (ceny napoj\u00f3w s\u0105 te\u017c wysokie!). Dlatego turystom bardzo bud\u017cetowym polecamy zakupienie prowiantu np. w Rissani i korzystanie z selfcateringu:)<\/p>\n<h2 style=\"text-align: center;\">Atrakcje<\/h2>\n<p><strong> Pustynia<\/strong> &#8211; to jedyna aktracja w tym miejscu cho\u0107 jej eksploracji mo\u017cna dokona\u0107 na kilka sposob\u00f3w: pieszo, na dromaderach, samochodami 4&#215;4. Dla reumatyk\u00f3w zalecane jest zakopywanie si\u0119 w piaskach pustyni (dok\u0142adnej techniki zabieg\u00f3w nie znamy ale widzieli\u015bmy wielu zakopywanych).\u00a0<strong> <\/strong><\/p>\n<h3>Nasz przewodnik po kraju: <a title=\"Przewodnik po Maroku\" href=\"https:\/\/nieczekaj.blog\/index.php\/nasze-przewodniki\/maroko\/\">MAROKO<\/a>.<\/h3>\n<h3>Merzouga na mapie:<\/h3>\n<p><iframe loading=\"lazy\" src=\"https:\/\/maps.google.com\/maps\/ms?msa=0&amp;msid=202631043285604182245.0004de9191b20697427bf&amp;hl=pl&amp;ie=UTF8&amp;t=p&amp;ll=31.23394,-4.092407&amp;spn=0.469696,0.911865&amp;z=10&amp;output=embed\" frameborder=\"0\" marginwidth=\"0\" marginheight=\"0\" scrolling=\"no\" width=\"665\" height=\"400\"><\/iframe><br \/>\n<small>Poka\u017c <a style=\"color: #0000ff; text-align: left;\" href=\"https:\/\/maps.google.com\/maps\/ms?msa=0&amp;msid=202631043285604182245.0004de9191b20697427bf&amp;hl=pl&amp;ie=UTF8&amp;t=p&amp;ll=31.23394,-4.092407&amp;spn=0.469696,0.911865&amp;z=10&amp;source=embed\">Maroko &#8211; 2012<\/a> na wi\u0119kszej mapie<\/small><br \/>\n<small><\/small><\/p>\n<p>&nbsp;<\/p>\n<h3>Uwagi i pytania kierujcie na maila: NieCzekaj.eu(malpa)gmail.com lub komentujcie stron\u0119.<\/h3>\n<h3>Pozdrawiam,<br \/>\nKasia<\/h3>\n","protected":false},"excerpt":{"rendered":"<p>Erg Chebbi &#8211; niewielka ale robi\u0105ca ogromne wra\u017cenie piaszczysta pustynia z ogromnymi wydmami!Upa\u0142, piach i deszcz w jednym! Erg Chebbi Og\u00f3lnie Erg Chebbi jest wymarzonym miejscem dla ludzi, kt\u00f3rzy chcieliby [&hellip;]<\/p>\n","protected":false},"author":1,"featured_media":0,"parent":530,"menu_order":0,"comment_status":"open","ping_status":"open","template":"","meta":{"om_disable_all_campaigns":false,"_monsterinsights_skip_tracking":false,"_monsterinsights_sitenote_active":false,"_monsterinsights_sitenote_note":"","_monsterinsights_sitenote_category":0,"_s2mail":"yes","ngg_post_thumbnail":0,"footnotes":""},"class_list":["post-917","page","type-page","status-publish","hentry"],"_links":{"self":[{"href":"https:\/\/nieczekaj.blog\/index.php\/wp-json\/wp\/v2\/pages\/917","targetHints":{"allow":["GET"]}}],"collection":[{"href":"https:\/\/nieczekaj.blog\/index.php\/wp-json\/wp\/v2\/pages"}],"about":[{"href":"https:\/\/nieczekaj.blog\/index.php\/wp-json\/wp\/v2\/types\/page"}],"author":[{"embeddable":true,"href":"https:\/\/nieczekaj.blog\/index.php\/wp-json\/wp\/v2\/users\/1"}],"replies":[{"embeddable":true,"href":"https:\/\/nieczekaj.blog\/index.php\/wp-json\/wp\/v2\/comments?post=917"}],"version-history":[{"count":2,"href":"https:\/\/nieczekaj.blog\/index.php\/wp-json\/wp\/v2\/pages\/917\/revisions"}],"predecessor-version":[{"id":947,"href":"https:\/\/nieczekaj.blog\/index.php\/wp-json\/wp\/v2\/pages\/917\/revisions\/947"}],"up":[{"embeddable":true,"href":"https:\/\/nieczekaj.blog\/index.php\/wp-json\/wp\/v2\/pages\/530"}],"wp:attachment":[{"href":"https:\/\/nieczekaj.blog\/index.php\/wp-json\/wp\/v2\/media?parent=917"}],"curies":[{"name":"wp","href":"https:\/\/api.w.org\/{rel}","templated":true}]}}