{"id":974,"date":"2013-06-25T17:00:58","date_gmt":"2013-06-25T15:00:58","guid":{"rendered":"http:\/\/sebka.pl\/?page_id=974"},"modified":"2013-06-27T23:50:14","modified_gmt":"2013-06-27T21:50:14","slug":"fez","status":"publish","type":"page","link":"https:\/\/nieczekaj.blog\/index.php\/nasze-przewodniki\/afryka\/maroko\/fez\/","title":{"rendered":"Fez"},"content":{"rendered":"<h3>Fez &#8211; jedno z najbardziej znanych maroka\u0144skich miast. Wymieniane jest jednym tchem obok Marakeszu i Casablanki jako absolutny &#8220;must see&#8221;. Taka jest teoria! W praktyce nam si\u0119 nie podoba\u0142o i uciekali\u015bmy stamt\u0105d ju\u017c drugiego dnia!<\/h3>\n<h3>Nasz wpis na bie\u017c\u0105co z podr\u00f3\u017cy: <a title=\"Fez - blog\" href=\"http:\/\/sebka.travellerspoint.com\/90\/\">BLOG<\/a>.<\/h3>\n<address style=\"text-align: center;\"><a href=\"http:\/\/sebka.pl\/wp-content\/uploads\/2013\/06\/Minaret.jpg\"><img loading=\"lazy\" decoding=\"async\" class=\"size-full wp-image-1010 aligncenter\" style=\"border: 1px solid black; margin-top: 1px; margin-bottom: 1px;\" title=\"Minaret\" src=\"http:\/\/sebka.pl\/wp-content\/uploads\/2013\/06\/Minaret.jpg\" alt=\"\" width=\"400\" height=\"266\" srcset=\"https:\/\/nieczekaj.blog\/wp-content\/uploads\/2013\/06\/Minaret.jpg 400w, https:\/\/nieczekaj.blog\/wp-content\/uploads\/2013\/06\/Minaret-300x199.jpg 300w\" sizes=\"auto, (max-width: 400px) 100vw, 400px\" \/><\/a>Madresa Bou Inania<\/address>\n<h2 style=\"text-align: center;\">Og\u00f3lnie<\/h2>\n<p><strong>Fez jest miastem niezwykle popularnym w\u015br\u00f3d turyst\u00f3w i\u00a0 podobnie jak w Marakeszu ma to swoje plusy i minusy.<\/strong> Ceny s\u0105 tu wy\u017csze ni\u017c gdzie indziej, ob\u0142o\u017cenie hoteli tak\u017ce, tu mieli\u015bmy w\u0105tpliwe szcz\u0119\u015bcie spotka\u0107 pluj\u0105ce na nas dzieci i dziwnego kolesia o zamiarach rabunkowych. Bez w\u0105tpienia jednak miasto ma jedn\u0105 z najwi\u0119kszych medyn w Maroku i kilka pere\u0142ek architektury wartych zobaczenia.<\/p>\n<h2 style=\"text-align: center;\">Transport do i po mie\u015bcie<\/h2>\n<p>Fez jest bardzo dobrze skomunikowany z reszt\u0105 kraju. Opr\u00f3cz komunikacji autobusowej i taks\u00f3wkowej mo\u017cna si\u0119 tu dosta\u0107 kolej\u0105 (strona kolei maroka\u0144kiej <a title=\"Kolej maroka\u0144ska\" href=\"http:\/\/www.oncf.ma\/Pages\/Accueil.aspx\">ONCF<\/a>) &#8211; Fez le\u017cy na trasie kolejowej Rabat &#8211; Oujda. Dworzec autobusowy znajduje si\u0119 kilkaset metr\u00f3w od medyny.<\/p>\n<h2 style=\"text-align: center;\">Gdzie spa\u0107 i zje\u015b\u0107?<\/h2>\n<p><strong>Ze wzgl\u0119du na bardzo du\u017c\u0105 popularno\u015b\u0107 miasta na rynku turystycznym ceny nocleg\u00f3w s\u0105 tu du\u017co wy\u017csze<\/strong> ni\u017c w innych miejscowo\u015bciach. Dobrym rozwi\u0105zaniem dla podr\u00f3\u017cnik\u00f3w bud\u017cetowych mo\u017ce by\u0107 nocleg na dachu (<em>16z\u0142\/1 os.<\/em>) &#8211; my tak spali\u015bmy i bardzo nam si\u0119 podoba\u0142o. Mo\u017cna popatrze\u0107 na miasto z troch\u0119 innej perspektywy!<\/p>\n<p><strong>Jedzenie na stoiskach w Medynie jest raczej tanie<\/strong>, cho\u0107 mo\u017ce dziwi\u0107 cena pomara\u0144czy. Oczywi\u015bcie jest tu tak\u017ce mn\u00f3stwo restauracji o cenach i jako\u015bci nam nieznanych:). My byli\u015bmy tam w do\u015b\u0107 specyficznym czasie, w dzie\u0144 rozpocz\u0119cia Ramadanu i zachwyci\u0142o nas menu postne w szczeg\u00f3lno\u015bci zupa harira (<em>porcja w barze 1z\u0142!)<\/em>.<\/p>\n<address style=\"text-align: center;\"><a href=\"http:\/\/sebka.pl\/wp-content\/uploads\/2013\/06\/Widok-z-dachu.jpg\"><img loading=\"lazy\" decoding=\"async\" class=\"size-full wp-image-1011 aligncenter\" style=\"border: 1px solid black; margin-top: 1px; margin-bottom: 1px;\" title=\"Widok z dachu\" src=\"http:\/\/sebka.pl\/wp-content\/uploads\/2013\/06\/Widok-z-dachu.jpg\" alt=\"\" width=\"400\" height=\"266\" srcset=\"https:\/\/nieczekaj.blog\/wp-content\/uploads\/2013\/06\/Widok-z-dachu.jpg 400w, https:\/\/nieczekaj.blog\/wp-content\/uploads\/2013\/06\/Widok-z-dachu-300x199.jpg 300w\" sizes=\"auto, (max-width: 400px) 100vw, 400px\" \/><\/a>Widok z dachu<\/address>\n<h2 style=\"text-align: center;\">Atrakcje<\/h2>\n<p><strong> Atrakcji dla zwiedzaj\u0105cych jest wiele!\u00a0<\/strong>G\u0142\u00f3wn\u0105 z nich jest oczywi\u015bcie sama Medyna &#8211; bardzo rozleg\u0142a i pogmatwana, uchodz\u0105ca za jedn\u0105 z najpi\u0119kniejszych w Maroku. Wyznaczono tu kolorowe trasy zwiedzania aczkolwiek bardzo \u0142atwo jest si\u0119 na nich zgubi\u0107. Licznych zabytk\u00f3w nie b\u0119d\u0119 ich wymienia\u0107 (odsy\u0142am do przewodnik\u00f3w typu Lonely Planet), bo tak naprawd\u0119 wi\u0119kszo\u015bci z nich nie widzieli\u015bmy &#8211; postawili\u015bmy na swobodne wa\u0142\u0119sanie si\u0119 po star\u00f3wce.<\/p>\n<p><strong>Fez jest te\u017c dobrym miejscem na zakup pami\u0105tek<\/strong> &#8211; cho\u0107 mo\u017ce nie najta\u0144szych. Miasto s\u0142ynie z wyrob\u00f3w ceramicznych w kolorach bia\u0142ym i niebieskim i mo\u017cna je spotka\u0107 w Medynie niemal na ka\u017cdym kroku!<\/p>\n<p><strong>Uwaga na fa\u0142szywych przewodnik\u00f3w<\/strong> &#8211; jak w ka\u017cdym tego typu mie\u015bcie jest ich mn\u00f3stwo i s\u0105 niestety bardzo nachalni.<\/p>\n<p><strong>Uwaga numer 2:<\/strong> za naszych czas\u00f3w historyczne hammamy, uchodz\u0105ce za jedn\u0105 z atrakcji miasta, by\u0142y zamkni\u0119te z powodu remontu cho\u0107 <em>przewodnicy<\/em> uparcie pr\u00f3bowali nas do nich zaprowadzi\u0107! Jeszcze raz: ostro\u017cnie z oszustami!<\/p>\n<p style=\"text-align: center;\"><a href=\"http:\/\/sebka.pl\/wp-content\/uploads\/2013\/06\/Zegar-wodny.jpg\"><img loading=\"lazy\" decoding=\"async\" class=\"size-full wp-image-1012 aligncenter\" style=\"border: 1px solid black; margin-top: 1px; margin-bottom: 1px;\" title=\"Zegar wodny\" src=\"http:\/\/sebka.pl\/wp-content\/uploads\/2013\/06\/Zegar-wodny.jpg\" alt=\"\" width=\"400\" height=\"266\" srcset=\"https:\/\/nieczekaj.blog\/wp-content\/uploads\/2013\/06\/Zegar-wodny.jpg 400w, https:\/\/nieczekaj.blog\/wp-content\/uploads\/2013\/06\/Zegar-wodny-300x199.jpg 300w\" sizes=\"auto, (max-width: 400px) 100vw, 400px\" \/><\/a><em>Zegar wodny<\/em><\/p>\n<h3>Nasz przewodnik po kraju: <a title=\"Przewodnik po Maroku\" href=\"https:\/\/nieczekaj.blog\/index.php\/nasze-przewodniki\/maroko\/\">MAROKO<\/a>.<\/h3>\n<h3>Fez na mapie:<\/h3>\n<p><iframe loading=\"lazy\" src=\"https:\/\/maps.google.com\/maps\/ms?msa=0&amp;msid=202631043285604182245.0004de9191b20697427bf&amp;hl=pl&amp;ie=UTF8&amp;t=p&amp;ll=34.042419,-5.007019&amp;spn=0.455176,0.911865&amp;z=10&amp;output=embed\" frameborder=\"0\" marginwidth=\"0\" marginheight=\"0\" scrolling=\"no\" width=\"665\" height=\"400\"><\/iframe><br \/>\n<small>Poka\u017c <a style=\"color: #0000ff; text-align: left;\" href=\"https:\/\/maps.google.com\/maps\/ms?msa=0&amp;msid=202631043285604182245.0004de9191b20697427bf&amp;hl=pl&amp;ie=UTF8&amp;t=p&amp;ll=34.042419,-5.007019&amp;spn=0.455176,0.911865&amp;z=10&amp;source=embed\">Maroko &#8211; 2012<\/a> na wi\u0119kszej mapie<\/small><\/p>\n<h3>Uwagi i pytania kierujcie na maila: NieCzekaj.eu(malpa)gmail.com lub komentujcie stron\u0119.<\/h3>\n<h3>Pozdrawiam,<br \/>\nKasia<\/h3>\n","protected":false},"excerpt":{"rendered":"<p>Fez &#8211; jedno z najbardziej znanych maroka\u0144skich miast. Wymieniane jest jednym tchem obok Marakeszu i Casablanki jako absolutny &#8220;must see&#8221;. Taka jest teoria! W praktyce nam si\u0119 nie podoba\u0142o i [&hellip;]<\/p>\n","protected":false},"author":1,"featured_media":0,"parent":530,"menu_order":0,"comment_status":"open","ping_status":"open","template":"","meta":{"om_disable_all_campaigns":false,"_monsterinsights_skip_tracking":false,"_monsterinsights_sitenote_active":false,"_monsterinsights_sitenote_note":"","_monsterinsights_sitenote_category":0,"_s2mail":"yes","ngg_post_thumbnail":0,"footnotes":""},"class_list":["post-974","page","type-page","status-publish","hentry"],"_links":{"self":[{"href":"https:\/\/nieczekaj.blog\/index.php\/wp-json\/wp\/v2\/pages\/974","targetHints":{"allow":["GET"]}}],"collection":[{"href":"https:\/\/nieczekaj.blog\/index.php\/wp-json\/wp\/v2\/pages"}],"about":[{"href":"https:\/\/nieczekaj.blog\/index.php\/wp-json\/wp\/v2\/types\/page"}],"author":[{"embeddable":true,"href":"https:\/\/nieczekaj.blog\/index.php\/wp-json\/wp\/v2\/users\/1"}],"replies":[{"embeddable":true,"href":"https:\/\/nieczekaj.blog\/index.php\/wp-json\/wp\/v2\/comments?post=974"}],"version-history":[{"count":3,"href":"https:\/\/nieczekaj.blog\/index.php\/wp-json\/wp\/v2\/pages\/974\/revisions"}],"predecessor-version":[{"id":1028,"href":"https:\/\/nieczekaj.blog\/index.php\/wp-json\/wp\/v2\/pages\/974\/revisions\/1028"}],"up":[{"embeddable":true,"href":"https:\/\/nieczekaj.blog\/index.php\/wp-json\/wp\/v2\/pages\/530"}],"wp:attachment":[{"href":"https:\/\/nieczekaj.blog\/index.php\/wp-json\/wp\/v2\/media?parent=974"}],"curies":[{"name":"wp","href":"https:\/\/api.w.org\/{rel}","templated":true}]}}